 factors of 89227?
89227
What are the prime factors of 4342?
2, 13, 167
List the prime factors of 56007.
3, 7, 127
List the prime factors of 3586.
2, 11, 163
List the prime factors of 182.
2, 7, 13
List the prime factors of 3387.
3, 1129
What are the prime factors of 10049?
13, 773
What are the prime factors of 11026?
2, 37, 149
List the prime factors of 313.
313
What are the prime factors of 10950?
2, 3, 5, 73
List the prime factors of 18463.
37, 499
List the prime factors of 12913.
37, 349
What are the prime factors of 595?
5, 7, 17
What are the prime factors of 62601?
3, 7, 11, 271
List the prime factors of 481.
13, 37
What are the prime factors of 54979?
54979
What are the prime factors of 3063?
3, 1021
List the prime factors of 9639.
3, 7, 17
What are the prime factors of 1729?
7, 13, 19
List the prime factors of 5229.
3, 7, 83
What are the prime factors of 78440?
2, 5, 37, 53
List the prime factors of 379.
379
What are the prime factors of 2360?
2, 5, 59
List the prime factors of 3412.
2, 853
List the prime factors of 53193.
3, 7, 17, 149
What are the prime factors of 4437?
3, 17, 29
List the prime factors of 21545.
5, 31, 139
List the prime factors of 9639.
3, 7, 17
What are the prime factors of 4465?
5, 19, 47
What are the prime factors of 1032?
2, 3, 43
What are the prime factors of 139263?
3, 61, 761
What are the prime factors of 461?
461
What are the prime factors of 2237?
2237
What are the prime factors of 3371?
3371
What are the prime factors of 31435?
5, 6287
List the prime factors of 752.
2, 47
List the prime factors of 109471.
109471
List the prime factors of 60675.
3, 5, 809
List the prime factors of 915.
3, 5, 61
What are the prime factors of 8931?
3, 13, 229
List the prime factors of 8502.
2, 3, 13, 109
List the prime factors of 10783.
41, 263
List the prime factors of 1443.
3, 13, 37
What are the prime factors of 614?
2, 307
What are the prime factors of 9746?
2, 11, 443
List the prime factors of 1624.
2, 7, 29
List the prime factors of 1037.
17, 61
What are the prime factors of 107307?
3, 11923
List the prime factors of 5215.
5, 7, 149
What are the prime factors of 84517?
223, 379
What are the prime factors of 33992?
2, 7, 607
List the prime factors of 2293.
2293
List the prime factors of 7190.
2, 5, 719
What are the prime factors of 163449?
3, 11, 13, 127
What are the prime factors of 5670?
2, 3, 5, 7
What are the prime factors of 5025?
3, 5, 67
List the prime factors of 280.
2, 5, 7
What are the prime factors of 28231?
7, 37, 109
List the prime factors of 45306.
2, 3, 839
What are the prime factors of 421?
421
List the prime factors of 8910.
2, 3, 5, 11
What are the prime factors of 57911?
7, 8273
List the prime factors of 11519.
11519
List the prime factors of 1919.
19, 101
What are the prime factors of 12189?
3, 17, 239
List the prime factors of 2409.
3, 11, 73
What are the prime factors of 28965?
3, 5, 1931
What are the prime factors of 29062?
2, 11, 1321
List the prime factors of 1389.
3, 463
List the prime factors of 1618.
2, 809
What are the prime factors of 16141?
16141
What are the prime factors of 90531?
3, 7, 479
List the prime factors of 4150.
2, 5, 83
What are the prime factors of 1059?
3, 353
List the prime factors of 681.
3, 227
List the prime factors of 3827.
43, 89
What are the prime factors of 4654?
2, 13, 179
List the prime factors of 971.
971
What are the prime factors of 24822?
2, 3, 7, 197
What are the prime factors of 1164?
2, 3, 97
What are the prime factors of 28319?
28319
List the prime factors of 5861.
5861
List the prime factors of 1544.
2, 193
What are the prime factors of 1792?
2, 7
What are the prime factors of 14680?
2, 5, 367
List the prime factors of 80377.
11, 7307
What are the prime factors of 6897?
3, 11, 19
List the prime factors of 6343.
6343
What are the prime factors of 3775?
5, 151
What are the prime factors of 39667?
39667
What are the prime factors of 59768?
2, 31, 241
What are the prime factors of 110291?
110291
List the prime factors of 2399.
2399
What are the prime factors of 18935?
5, 7, 541
What are the prime factors of 980?
2, 5, 7
List the prime factors of 28621.
28621
What are the prime factors of 8848?
2, 7, 79
List the prime factors of 89710.
2, 5, 8971
List the prime factors of 37009.
7, 17, 311
What are the prime factors of 137650?
2, 5, 2753
What are the prime factors of 384?
2, 3
List the prime factors of 15094.
2, 7547
List the prime factors of 11881.
109
List the prime factors of 3142.
2, 1571
List the prime factors of 11316.
2, 3, 23, 41
List the prime factors of 6538.
2, 7, 467
List the prime factors of 293.
293
What are the prime factors of 9670?
2, 5, 967
What are the prime factors of 15358?
2, 7, 1097
What are the prime factors of 4771?
13, 367
What are the prime factors of 33145?
5, 7, 947
List the prime factors of 4128.
2, 3, 43
List the prime factors of 659.
659
What are the prime factors of 100386?
2, 3, 11, 13
What are the prime factors of 34958?
2, 7, 11, 227
List the prime factors of 3304.
2, 7, 59
List the prime factors of 27017.
27017
List the prime factors of 53496.
2, 3, 743
What are the prime factors of 1521?
3, 13
What are the prime factors of 1524?
2, 3, 127
List the prime factors of 3859.
17, 227
What are the prime factors of 4597?
4597
What are the prime factors of 21370?
2, 5, 2137
List the prime factors of 1049.
1049
What are the prime factors of 6836?
2, 1709
What are the prime factors of 19213?
19213
List the prime factors of 48912.
2, 3, 1019
What are the prime factors of 90?
2, 3, 5
List the prime factors of 2304.
2, 3
What are the prime factors of 6362?
2, 3181
List the prime factors of 393.
3, 131
List the prime factors of 621.
3, 23
What are the prime factors of 7625?
5, 61
What are the prime factors of 4949?
7, 101
List the prime factors of 5067.
3, 563
What are the prime factors of 6078?
2, 3, 1013
List the prime factors of 1007.
19, 53
List the prime factors of 160.
2, 5
What are the prime factors of 3255?
3, 5, 7, 31
What are the prime factors of 6439?
47, 137
List the prime factors of 28203.
3, 7, 17, 79
What are the prime factors of 13659?
3, 29, 157
What are the prime factors of 1890?
2, 3, 5, 7
What are the prime factors of 22197?
3, 7, 151
What are the prime factors of 488?
2, 61
List the prime factors of 3531.
3, 11, 107
List the prime factors of 28930.
2, 5, 11, 263
What are the prime factors of 14056?
2, 7, 251
What are the prime factors of 1363?
29, 47
List the prime factors of 731.
17, 43
List the prime factors of 39017.
11, 3547
What are the prime factors of 3733?
3733
What are the prime factors of 1449?
3, 7, 23
What are the prime factors of 505?
5, 101
What are the prime factors of 126432?
2, 3, 439
What are the prime factors of 267?
3, 89
List the prime factors of 125752.
2, 11, 1429
List the prime factors of 1457.
31, 47
What are the prime factors of 491?
491
What are the prime factors of 46?
2, 23
List the prime factors of 4640.
2, 5, 29
What are the prime factors of 4514?
2, 37, 61
What are the prime factors of 1255?
5, 251
List the prime factors of 13937.
7, 11, 181
List the prime factors of 2242.
2, 19, 59
List the prime factors of 30091.
30091
What are the prime factors of 3931?
3931
List the prime factors of 41922.
2, 3, 17, 137
What are the prime factors of 16654?
2, 11, 757
What are the prime factors of 4398?
2, 3, 733
What are the prime factors of 24598?
2, 7, 251
What are the prime factors of 6092?
2, 1523
List the prime factors of 1554.
2, 3, 7, 37
What are the prime factors of 203?
7, 29
List the prime factors of 13806.
2, 3, 13, 59
List the prime factors of 13022.
2, 17, 383
List the prime factors of 50502.
2, 3, 19, 443
What are the prime factors of 1523?
1523
What are the prime factors of 31?
31
What are the prime factors of 7757?
7757
List the prime factors of 5163.
3, 1721
List the prime factors of 38066.
2, 7, 2719
What are the prime factors of 4374?
2, 3
What are the prime factors of 52?
2, 13
What are the prime factors of 130208?
2, 13, 313
What are the prime factors of 71692?
2, 17923
What are the prime factors of 4489?
67
What are the prime factors of 2330?
2, 5, 233
List the prime factors of 4565.
5, 11, 83
What are the prime factors of 41460?
2, 3, 5, 691
What are the prime factors of 3